{"id":11,"date":"2024-09-11T23:11:27","date_gmt":"2024-09-11T23:11:27","guid":{"rendered":"https:\/\/ghislaineriendeau.com\/?page_id=11"},"modified":"2024-09-29T21:37:11","modified_gmt":"2024-09-29T21:37:11","slug":"test3","status":"publish","type":"page","link":"https:\/\/ghislaineriendeau.com\/?page_id=11","title":{"rendered":"D\u00e9marche artistique"},"content":{"rendered":"\t\t<div data-elementor-type=\"wp-page\" data-elementor-id=\"11\" class=\"elementor elementor-11\">\n\t\t\t\t<div class=\"elementor-element elementor-element-bdf2bf7 e-flex e-con-boxed e-con e-parent\" data-id=\"bdf2bf7\" data-element_type=\"container\" data-settings=\"{&quot;background_background&quot;:&quot;classic&quot;}\">\n\t\t\t\t\t<div class=\"e-con-inner\">\n\t\t\t\t<div class=\"elementor-element elementor-element-1cdb830 elementor-widget elementor-widget-testimonial\" data-id=\"1cdb830\" data-element_type=\"widget\" data-widget_type=\"testimonial.default\">\n\t\t\t\t<div class=\"elementor-widget-container\">\n\t\t\t\t\t<div class=\"elementor-testimonial-wrapper\">\n\t\t\t\t\t\t\t<div class=\"elementor-testimonial-content\">\u00ab Comme la peinture poss\u00e8de sa beaut\u00e9 propre, on peut cr\u00e9er une beaut\u00e9 abstraite, pourvu qu\u2019elle demeure picturale \u00bb<\/div>\n\t\t\t\n\t\t\t\t\t\t<div class=\"elementor-testimonial-meta\">\n\t\t\t\t<div class=\"elementor-testimonial-meta-inner\">\n\t\t\t\t\t\n\t\t\t\t\t\t\t\t\t\t<div class=\"elementor-testimonial-details\">\n\t\t\t\t\t\t\t\t\t\t\t\t\t\t<div class=\"elementor-testimonial-name\">Picasso<\/div>\n\t\t\t\t\t\t\t\t\t\t\t\t\t\t\t\t\t\t\t<\/div>\n\t\t\t\t\t\t\t\t\t<\/div>\n\t\t\t<\/div>\n\t\t\t\t\t<\/div>\n\t\t\t\t<\/div>\n\t\t\t\t<\/div>\n\t\t\t\t\t<\/div>\n\t\t\t\t<\/div>\n\t\t<div class=\"elementor-element elementor-element-bfcd20d e-flex e-con-boxed e-con e-parent\" data-id=\"bfcd20d\" data-element_type=\"container\">\n\t\t\t\t\t<div class=\"e-con-inner\">\n\t\t<div class=\"elementor-element elementor-element-62fd0c0 e-con-full e-flex e-con e-child\" data-id=\"62fd0c0\" data-element_type=\"container\">\n\t\t\t\t<div class=\"elementor-element elementor-element-f2d1c1c elementor-widget elementor-widget-image\" data-id=\"f2d1c1c\" data-element_type=\"widget\" data-widget_type=\"image.default\">\n\t\t\t\t<div class=\"elementor-widget-container\">\n\t\t\t\t\t\t\t\t\t\t\t\t\t<img decoding=\"async\" src=\"https:\/\/ghislaineriendeau.com\/wp-content\/uploads\/2024\/09\/Les-Cerfs-de-Lascaux-36X24.jpg\" title=\"\" alt=\"\" loading=\"lazy\" \/>\t\t\t\t\t\t\t\t\t\t\t\t\t<\/div>\n\t\t\t\t<\/div>\n\t\t\t\t<\/div>\n\t\t<div class=\"elementor-element elementor-element-50c6131 e-con-full e-flex e-con e-child\" data-id=\"50c6131\" data-element_type=\"container\">\n\t\t\t\t<div class=\"elementor-element elementor-element-4316041 elementor-widget elementor-widget-text-editor\" data-id=\"4316041\" data-element_type=\"widget\" data-widget_type=\"text-editor.default\">\n\t\t\t\t<div class=\"elementor-widget-container\">\n\t\t\t\t\t\t\t<p>L\u2019inspiration guidant ma cr\u00e9ation artistique r\u00e9side dans une relation intime entre la nature et la spiritualit\u00e9. Les \u00e9l\u00e9ments de base de mes compositions sont \u00e9voqu\u00e9s subtilement, laissant un espace d\u2019interpr\u00e9tation vaste et une multitude de visions.<\/p>\n<p>Je suis \u00e0 l\u2019\u00e9coute du premier regard en faisant \u00e9merger l\u2019\u00e9motion cr\u00e9atrice. Je d\u00e9code les langages de la peinture en recherchant des endroits o\u00f9 la nature a laiss\u00e9 ses empreintes depuis l\u2019\u00e2ge de pierre jusqu&rsquo;\u00e0 nos jours. Cette approche m\u00e8ne \u00e0 la r\u00e9alisation de sc\u00e8nes d\u2019aspect primitif, pures, naturelles et par opposition \u00e0 celles-ci, certaines sc\u00e8nes urbaines peuvent jaillir m\u2019interrogeant sur leur finitude dans l\u2019espace temps.<\/p>\t\t\t\t\t\t<\/div>\n\t\t\t\t<\/div>\n\t\t\t\t<\/div>\n\t\t\t\t\t<\/div>\n\t\t\t\t<\/div>\n\t\t<div class=\"elementor-element elementor-element-8b99db7 e-flex e-con-boxed e-con e-parent\" data-id=\"8b99db7\" data-element_type=\"container\">\n\t\t\t\t\t<div class=\"e-con-inner\">\n\t\t<div class=\"elementor-element elementor-element-4fa0abd e-con-full e-flex e-con e-child\" data-id=\"4fa0abd\" data-element_type=\"container\">\n\t\t\t\t<div class=\"elementor-element elementor-element-2a51e66 elementor-widget elementor-widget-text-editor\" data-id=\"2a51e66\" data-element_type=\"widget\" data-widget_type=\"text-editor.default\">\n\t\t\t\t<div class=\"elementor-widget-container\">\n\t\t\t\t\t\t\t<p aria-label=\"Text Paragraph\">L\u2019ambiance des endroits visit\u00e9s m\u2019interpelle et permet de fixer un instant dans le temps, et de l\u2019immortaliser : sorte de m\u00e9moire absorbant les \u00e9quivalences plastiques qui seront retransmises et trait\u00e9es par une gestuelle dynamique et synth\u00e9tique.<\/p>\n<p aria-label=\"Text Paragraph\">Les contrastes de chaud et froid font partis de l\u2019exp\u00e9rimentation essentielle dans mon travail. L\u2019utilisation des pinceaux et des spatules, les lavis et les grattages, les superpositions et les transparences sont autant de moyens formant une matrice pour l\u2019exploration du sujet trait\u00e9. La passion transmise se concr\u00e9tise par le mouvement intuitif, les ombrages subjectifs ainsi que la synergie des couleurs. Les formes sont quelques fois simplifi\u00e9es pour cr\u00e9er une homog\u00e9n\u00e9it\u00e9 visuelle et esth\u00e9tique.<\/p>\t\t\t\t\t\t<\/div>\n\t\t\t\t<\/div>\n\t\t\t\t<\/div>\n\t\t<div class=\"elementor-element elementor-element-bcf090f e-con-full e-flex e-con e-child\" data-id=\"bcf090f\" data-element_type=\"container\">\n\t\t\t\t<div class=\"elementor-element elementor-element-14e2f91 elementor-widget elementor-widget-image\" data-id=\"14e2f91\" data-element_type=\"widget\" data-widget_type=\"image.default\">\n\t\t\t\t<div class=\"elementor-widget-container\">\n\t\t\t\t\t\t\t\t\t\t\t\t\t<img decoding=\"async\" src=\"https:\/\/ghislaineriendeau.com\/wp-content\/uploads\/2024\/09\/Dans-les-herbes-hautes-30X40.jpg\" title=\"\" alt=\"\" loading=\"lazy\" \/>\t\t\t\t\t\t\t\t\t\t\t\t\t<\/div>\n\t\t\t\t<\/div>\n\t\t\t\t<\/div>\n\t\t\t\t\t<\/div>\n\t\t\t\t<\/div>\n\t\t<div class=\"elementor-element elementor-element-d1a75ad e-flex e-con-boxed e-con e-parent\" data-id=\"d1a75ad\" data-element_type=\"container\">\n\t\t\t\t\t<div class=\"e-con-inner\">\n\t\t\t\t<div class=\"elementor-element elementor-element-1c0b815 elementor-widget elementor-widget-text-editor\" data-id=\"1c0b815\" data-element_type=\"widget\" data-widget_type=\"text-editor.default\">\n\t\t\t\t<div class=\"elementor-widget-container\">\n\t\t\t\t\t\t\t<p aria-label=\"Text Paragraph\">La nature dans ses \u00e9tats les plus simples m\u2019offre des gammes de tons : d\u2019ocre, de bleus, d&rsquo;orang\u00e9s et de blancs me permettant d\u2019en extirper leur essence afin de les utiliser autant dans des visuels primitifs que contemporains. Tous ces proc\u00e9d\u00e9s procurent une singularit\u00e9 \u00e0 ma recherche et \u00e0 sa mise en sc\u00e8ne.<\/p>\n<p aria-label=\"Text Paragraph\">Aujourd\u2019hui, peindre est devenu un irr\u00e9sistible \u00e9lan de vie, une passion qui me subjugue, qui me d\u00e9borde. Comme l\u2019humanit\u00e9 continue toujours d\u2019\u00e9voluer, mon r\u00e9pertoire demeure une source in\u00e9puisable de langage artistique.<\/p>\t\t\t\t\t\t<\/div>\n\t\t\t\t<\/div>\n\t\t\t\t\t<\/div>\n\t\t\t\t<\/div>\n\t\t\t\t<\/div>\n\t\t","protected":false},"excerpt":{"rendered":"<p>\u00ab Comme la peinture poss\u00e8de sa beaut\u00e9 propre, on peut cr\u00e9er une beaut\u00e9 abstraite, pourvu qu\u2019elle demeure picturale \u00bb Picasso L\u2019inspiration guidant [&hellip;]<\/p>\n","protected":false},"author":1,"featured_media":0,"parent":0,"menu_order":0,"comment_status":"closed","ping_status":"closed","template":"","meta":{"footnotes":""},"class_list":["post-11","page","type-page","status-publish","hentry"],"_links":{"self":[{"href":"https:\/\/ghislaineriendeau.com\/index.php?rest_route=\/wp\/v2\/pages\/11","targetHints":{"allow":["GET"]}}],"collection":[{"href":"https:\/\/ghislaineriendeau.com\/index.php?rest_route=\/wp\/v2\/pages"}],"about":[{"href":"https:\/\/ghislaineriendeau.com\/index.php?rest_route=\/wp\/v2\/types\/page"}],"author":[{"embeddable":true,"href":"https:\/\/ghislaineriendeau.com\/index.php?rest_route=\/wp\/v2\/users\/1"}],"replies":[{"embeddable":true,"href":"https:\/\/ghislaineriendeau.com\/index.php?rest_route=%2Fwp%2Fv2%2Fcomments&post=11"}],"version-history":[{"count":5,"href":"https:\/\/ghislaineriendeau.com\/index.php?rest_route=\/wp\/v2\/pages\/11\/revisions"}],"predecessor-version":[{"id":1998,"href":"https:\/\/ghislaineriendeau.com\/index.php?rest_route=\/wp\/v2\/pages\/11\/revisions\/1998"}],"wp:attachment":[{"href":"https:\/\/ghislaineriendeau.com\/index.php?rest_route=%2Fwp%2Fv2%2Fmedia&parent=11"}],"curies":[{"name":"wp","href":"https:\/\/api.w.org\/{rel}","templated":true}]}}